t d = -7 + 3. Let i(k) = -k + 8. Let b(l) = 2*l - 9. Let u(w) = d*b(w) - 5*i(w). What is u(-3)?
5
Let p be 75/(-5)*(4/(-6) - -1). Let z(g) = -g**3 - 7*g**2 + g - 6. Calculate z(p).
-61
Let x be (4/2)/(4/(-6)). Let w(y) = -11*y**2 + 8*y + 6. Let t(f) = -7*f**2 + 5*f + 4. Let v(a) = 8*t(a) - 5*w(a). What is v(x)?
-7
Let c be 14 - (-2 - (-60)/6). Let m(s) = -5*s - 8. Let p(w) = w + 0*w - 5*w - 8. Let h(i) = c*p(i) - 5*m(i). Calculate h(6).
-2
Suppose 78 = 5*a + 3*y - 22, 5*y = 0. Suppose -9*c = -5*c + a. Let n(m) = -m**3 - 6*m**2 - 6*m + 6. Give n(c).
11
Let n(a) be the second derivative of -a**6/360 - a**5/24 + 5*a**4/24 - a**3/3 + 10*a. Let w(z) be the second derivative of n(z). Calculate w(-5).
5
Let n(w) = -w**3 + 5*w**2 + 2*w - 6. Let t(b) = -33*b - 30. Let g be t(-5). Let f = g + -131. Determine n(f).
18
Suppose 3*a + 2 = 11. Suppose -a*l = -2*l - 3. Let d(x) = l*x - 3*x + 1 + 2*x + 1. Determine d(-2).
-2
Let a(b) = 2*b**2 - 5*b - 5. Let d be a(7). Let l = 177 - d. Let j(s) = -s**2 - 124 - s**3 - 3*s**2 + l + 0*s**2 - s. Determine j(-4).
-1
Let c(h) = -h**2 + 20*h - 1. Let g be c(20). Let f(r) = -2*r - 2. Let t(p) = -1. Let m(w) = g*f(w) - 3*t(w). Give m(-4).
-3
Let r be 3/(-6)*-32 - 0. Let o = r + -16. Let q(g) = o + 4*g**2 + 4 - 5 + g. Give q(-2).
13
Let a(d) = d**2 + 13*d + 15. Let w be a(-12). Suppose -w*j + 40 = j. Let l be (18/9)/(4/j). Let x(t) = t**3 - 6*t**2 + 6*t - 4. What is x(l)?
1
Let q(b) = 2*b**2 - 28*b - 19. Let a be q(15). Let x(c) = -10*c**2 + 20*c**2 + 0*c - a*c**2 - 7*c + 4. Determine x(-6).
10
Let q(h) = -5*h**2 + 5. Let g(d) = -13*d**2 + 13. Let u(c) = -3*g(c) + 8*q(c). Determine u(2).
-3
Suppose -5*x = -2*x - 9. Let z(t) = -x + 17 + 10*t - 9*t. Calculate z(-7).
7
Let f(x) = -2*x**2 - 7*x + 17. Let q be f(-6). Let s(o) = 5*o + 61. Determine s(q).
-4
Let d(u) = u**2 + 3*u - u**2 + 4 - u**2. Suppose 223*k - 1605 = -103*k - 627. What is d(k)?
4
Let m(q) be the first derivative of q**4/4 + 4*q**3/3 - q**2/2 - 3*q - 77. What is m(-3)?
9
Let m(k) be the third derivative of -k**7/840 + k**6/72 - k**5/24 + k**4/12 + 5*k**3/3 + 13*k**2. Let r(o) be the first derivative of m(o). Calculate r(3).
5
Suppose 5*j - 16 = 9. Let p(a) = j*a**2 - 5*a**2 + 6*a + a**2 - 6. Determine p(-6).
-6
Let h(a) = 3*a. Suppose -2*s + 13*p = 9*p + 28, -6 = -3*p. Let v = -19 + -26. Let d be s/v + 25/9. What is h(d)?
9
Let q(j) = -2*j + 19. Let k = 1053 + -1044. What is q(k)?
1
Let u(d) = -15*d + 16. Let x(j) = -34*j + 32. Let k(q) = -9*u(q) + 4*x(q). Give k(0).
-16
Let q(l) = l**2 + 2*l - 2. Let a(b) be the second derivative of b**4/12 + 4*b**3/3 + 3*b**2/2 + 2*b. Let z be a(-3). Let i = -10 - z. Give q(i).
6
Suppose 4*b - 5*v = 13, -3*v - 9 = -6*b + 3*b. Let f(g) = b + 0 - 3 + 7*g + 0. Give f(-1).
-8
Suppose 5*b = 25, 28 = 3*q + 3*b - 8. Let k(f) be the second derivative of -f**4/12 + 2*f**3/3 + 9*f**2/2 + f. Determine k(q).
-12
Suppose 0 = 2*p - 4*j + 10, -j = 10*p - 5*p + 3. Let a(s) be the second derivative of 0*s**3 - 1/6*s**4 + 2*s + 0 - 1/2*s**2. Give a(p).
-3
Let p(f) be the first derivative of f**2 + 7*f - 7. Let j(w) = w**3 + 7*w**2 + w + 2. Let o be j(-7). What is p(o)?
-3
Let a(s) be the second derivative of s**3 + 5*s**2 - 772*s. What is a(-7)?
-32
Let n(j) = 6*j**2 + 10*j + 77. Let m(z) = -5*z**2 - 9*z - 66. Let d(a) = 7*m(a) + 6*n(a). Calculate d(4).
4
Let j(v) be the first derivative of -149*v + v**3 + 149*v - 6. What is j(2)?
12
Let r(p) = -p**3 - 6*p**2 - 22*p + 15. Let f(b) = 3*b - 1. Let h(k) = -6*f(k) - r(k). Give h(-5).
-4
Let l(f) = -2*f + 4*f + 1 + 9*f. Let d = 36 + -37. Calculate l(d).
-10
Let l be (1 - 2)/((-14)/126). Let f(y) = -y**2 + 8*y + 12. Give f(l).
3
Suppose 16*v - 23 = 9. Let o(k) = -8*k**2 + 4*k - 3. Give o(v).
-27
Let r(m) = -6*m - 3. Let t = -188 - -184. Calculate r(t).
21
Let l(w) be the first derivative of 10*w**4 - w**3/3 - w**2 - w - 947. Calculate l(-1).
-40
Let s = -21 + 24. Suppose -s*g + g + 3*n = -25, 4*g + 4*n = 0. Let r(p) = 4*p - 2. Let h(k) = -7*k + 4. Let v(y) = g*r(y) + 3*h(y). Determine v(2).
0
Let w(j) = 5*j**2 - 5*j - 2. Let n(p) = -4*p**2 + 5*p + 1. Let i(s) = 4*n(s) + 3*w(s). Calculate i(3).
4
Let t(f) = -10*f**2 + 3*f - 4. Let n be t(2). Let p = -33 - n. Let h(g) = g**2 - 6*g + 2. Determine h(p).
-3
Let t(l) = 15*l**2 + l + 2. Suppose 3*g = -3*m + 6, -4*g + 4*m = 13 + 3. Give t(g).
16
Let b(u) = 2365*u - 1179*u - 1185*u + 6*u**3. Let c(h) = h + 4. Let v be c(-3). Calculate b(v).
7
Let z(u) = -u**3 - u**2 + u - 2. Let v(x) = 3*x**2 + 3*x + 4. Let p be v(-2). Suppose 4*c + p = -c. Give z(c).
0
Let b(s) = -s**3 - 6*s**2 + 13*s - 5. Let o(d) = -3*d**3 - 16*d**2 + 39*d - 16. Let k(n) = 17*b(n) - 6*o(n). What is k(8)?
35
Suppose -2*n + 25 + 5 = 0. Let u(m) = 2*m**2 + 5 - 16*m**2 + n*m**2 - 9*m. Calculate u(4).
-15
Let t be (-7)/1 + (-602)/(-84). Let v(f) be the third derivative of 1/60*f**5 - 3*f**2 + 0 + t*f**4 + 0*f - 1/3*f**3. What is v(-3)?
-5
Let u(j) = j**3 + 5*j**2 - 7*j + 1. Let t(y) be the third derivative of -y**5/30 + y**4/24 + 12*y**2. Let w be t(2). Give u(w).
7
Let a be (-2)/(-14) - 312/(-21). Let c = 19 - a. Suppose 10*k - 6*k + c = 0. Let r(d) = -d**3 - 1. Give r(k).
0
Let r(s) = 3*s - 2. Let i(j) be the second derivative of j**2/2 - 7*j. Let g(u) = -2*i(u) - r(u). Calculate g(-1).
3
Let p(h) = -h + 1. Let f(c) = -3*c + 1. Suppose 11*o - 10*o + 14 = 0. Let l = -15 - o. Let q(n) = l*f(n) + 2*p(n). Give q(-4).
-3
Let i(d) be the third derivative of 1/60*d**5 + 3/2*d**3 - 3/8*d**4 + 0 + 0*d - 10*d**2. Give i(7).
-5
Let m(k) = 2*k**2 + 3*k - 1. Let v(r) = -9*r**2 - 11*r + 2. Let w(j) = 4*m(j) + v(j). What is w(-2)?
-8
Let l(n) = -2 + 53*n + 7 - 27*n - n**2 - 29*n + 1. Give l(-6).
-12
Let c(d) = 2*d**2 - 8 - 9 + 428*d**3 - 429*d**3 + 5. Calculate c(0).
-12
Let o = -501 - -500. Let d(c) = 2*c**2 + 3*c + 2. Determine d(o).
1
Suppose -7 = 5*j + 8. Let t be ((-4)/(-5))/(3/30). Let y(z) = z**3 - 5*z**2 - z + t*z**2 + 4*z. Calculate y(j).
-9
Let q(w) = -2*w**3 - 3*w**2 - 3*w + 4. Let p(n) = n**3 - 10*n**2 - 16*n + 52. Let h be p(11). What is q(h)?
40
Let u = 31 + -32. Let f(v) = -v - 1. Let s be f(u). Let t(i) = -i**3 + i**2 + i - 11. Give t(s).
-11
Suppose -5*v - 5*b = -0*b - 25, 0 = 2*v + 5*b - 19. Let q(m) = 3*m + 0 - 21 - 2*m + m**v. Give q(0).
-21
Let c(j) be the second derivative of -5*j**3/6 + 5*j**2/2 + 5*j. Let m be c(2). Let z(t) = 2*t + 2. Give z(m).
-8
Let z(l) be the second derivative of -l**5/40 - l**4/12 + 7*l**3 + 17*l. Let i(u) be the second derivative of z(u). Calculate i(-7).
19
Let s(r) = -2*r + 13. Suppose -5*u - 16 = -61. Give s(u).
-5
Let u(k) = -63*k**2 - 33*k. Let p(a) = 4*a**2 + 2*a. Let c(i) = -33*p(i) - 2*u(i). Calculate c(1).
-6
Suppose -2*b + 3*s = -b - 99, -s = -5*b + 439. Suppose -4*z - z - b = 3*r, 5*z + 5*r = -95. Let i be (-2 + -1)*10/z. Let d(c) = -c**2 - c - 1. Calculate d(i).
-7
Let j(t) = t**2 + 4. Let n be j(-5). Suppose -2*o + 23 = n. Let f(p) = -p**3 - 5*p**2 - 4*p. Give f(o).
-6
Let c(z) = -25*z + 11*z**2 - 12 - 3*z**2 - z**3 + 18*z + 2*z**2. Let y be c(9). Let p(q) = q**2 - 5*q - 1. Give p(y).
5
Let o = -32 + 17. Let f = o - -9. Let s be ((-2)/f)/(4/12). Let w(z) = 7*z**3 + 1. What is w(s)?
8
Let p(b) = -b**2 - 14. Let r(t) = 13*t + 897. Let u be r(-69). What is p(u)?
-14
Let d(o) be the first derivative of -o**2/2 + 5*o - 19. Let h(p) = p**2 + p - 1. Let y be h(2). Suppose -8 = 3*s + 5*g, 4*s = g - y*g. Calculate d(s).
1
Let v(g) = g**2 - 2*g + 1. Let l be v(0). Let q(c) = -5*c**2 - c. Let m be q(l). Let p(t) = 2*t + 5. Give p(m).
-7
Let z(x) = 2*x**2 - 3. Let g be z(-4). Let s(b) = -3 + 8*b - g*b + 13*b - b**2. What is s(-7)?
4
Let u(s) be the first derivative of -s**2 - 5*s - 680. Give u(2).
-9
Let h(r) = 8*r**3 - 2*r**2 - 2*r - 1. Let j = -232 + 231. Give h(j).
-9
Let h = -112 + 124. Let t(i) = i - 4. Determine t(h).
8
Let r(d) = -d**2 + 1. Let g(o) = -2*o**2 - o + 1. Let c(b) = -4*g(b) + 9*r(b). Let q = -231 - -235. What is c(q)?
5
Let a(f) be the third derivative of f**5/60 + f**3/6 + 95*f**2. What is a(-2)?
5
Let c be 98/(-4) - 1/(-2). Let t be c/(-14) + 2/7. Let z(a) be the second derivative of -a**3/2 - a**2/2 + 3223*a - 2. What is z(t)?
-7
Let n = 50 + -47. Let g(c) = 4*c - 8*c - 2*c - 2 + 2*c**2 - n*c**2. Calculate g(-6).
-2
Let x(z) =